{"id":1463,"date":"2024-05-24T12:17:27","date_gmt":"2024-05-24T18:17:27","guid":{"rendered":"https:\/\/artec.campeche.gob.mx\/?page_id=1463"},"modified":"2024-06-17T10:58:01","modified_gmt":"2024-06-17T16:58:01","slug":"avisos-de-privacidad","status":"publish","type":"page","link":"https:\/\/artec.campeche.gob.mx\/?page_id=1463","title":{"rendered":"Avisos de Privacidad"},"content":{"rendered":"<p>[et_pb_section fb_built=&#8221;1&#8243; _builder_version=&#8221;4.23.1&#8243; _module_preset=&#8221;default&#8221; custom_padding=&#8221;0px||0px||true|false&#8221; animation_style=&#8221;fade&#8221; global_colors_info=&#8221;{}&#8221;][et_pb_row _builder_version=&#8221;4.23.1&#8243; _module_preset=&#8221;default&#8221; global_colors_info=&#8221;{}&#8221;][et_pb_column type=&#8221;4_4&#8243; _builder_version=&#8221;4.23.1&#8243; _module_preset=&#8221;default&#8221; global_colors_info=&#8221;{}&#8221;][et_pb_text _builder_version=&#8221;4.23.1&#8243; _module_preset=&#8221;default&#8221; header_font=&#8221;|600|||||||&#8221; header_text_color=&#8221;#691C32&#8243; header_font_size=&#8221;35px&#8221; hover_enabled=&#8221;0&#8243; global_colors_info=&#8221;{}&#8221; sticky_enabled=&#8221;0&#8243;]<\/p>\n<h1 style=\"text-align: center;\">Avisos de Privacidad<\/h1>\n<p>[\/et_pb_text][et_pb_divider _builder_version=&#8221;4.23.1&#8243; _module_preset=&#8221;default&#8221; global_colors_info=&#8221;{}&#8221;][\/et_pb_divider][\/et_pb_column][\/et_pb_row][\/et_pb_section][et_pb_section fb_built=&#8221;1&#8243; _builder_version=&#8221;4.23.1&#8243; _module_preset=&#8221;default&#8221; global_colors_info=&#8221;{}&#8221;][et_pb_row _builder_version=&#8221;4.23.1&#8243; _module_preset=&#8221;default&#8221; global_colors_info=&#8221;{}&#8221;][et_pb_column type=&#8221;4_4&#8243; _builder_version=&#8221;4.23.1&#8243; _module_preset=&#8221;default&#8221; global_colors_info=&#8221;{}&#8221;][et_pb_text _builder_version=&#8221;4.23.1&#8243; _module_preset=&#8221;default&#8221; text_text_color=&#8221;#53565A&#8221; text_font_size=&#8221;18px&#8221; global_colors_info=&#8221;{}&#8221;]<\/p>\n<p style=\"text-align: justify;\">Con fundamento en lo que establece el Art\u00edculo 45 de la Ley de Protecci\u00f3n de Datos Personales en Posesi\u00f3n de Sujetos Obligados del Estado de Campeche, la Secretar\u00eda General de Gobierno y sus Organismos Desconcentrados: Archivo General del Estado de Campeche (AGEC), Consejo Estatal de Poblaci\u00f3n (COESPO), Consejo Estatal de Seguridad P\u00fablica (CESP), Instituto Estatal de Transporte (IET), Secretar\u00eda Ejecutiva del Sistema Estatal de Protecci\u00f3n Integral de los Derechos de Ni\u00f1as Ni\u00f1os y Adolescentes (SIPINNA), Comisi\u00f3n Local de B\u00fasqueda de Personas (CLBP); se realiza la difusi\u00f3n de los siguientes Avisos de Privacidad en sus diversas modalidades.<\/p>\n<p style=\"text-align: justify;\">Aviso de Privacidad de la\u00a0Coordinaci\u00f3n General Administrativa de la Secretar\u00eda General de Gobierno.<\/p>\n<ul style=\"text-align: justify;\">\n<li><a href=\"\/\" class=\"jcepopup noicon\">Simplificado<\/a><\/li>\n<li><a href=\"\/\" class=\"jcepopup noicon\">Integral<\/a><\/li>\n<\/ul>\n<p style=\"text-align: justify;\">Aviso de Privacidad\u00a0del Registro del Estado Civil de la Secretar\u00eda General de Gobierno.<\/p>\n<ul style=\"text-align: justify;\">\n<li><a href=\"\/\" class=\"jcepopup noicon\">Simplificado<\/a><\/li>\n<li><a href=\"\/\" class=\"jcepopup noicon\">Integral<\/a><\/li>\n<\/ul>\n<p style=\"text-align: justify;\">Aviso de Privacidad\u00a0del Registro P\u00fablico de la Propiedad y de Comercio de la Secretar\u00eda General de Gobierno.<\/p>\n<ul style=\"text-align: justify;\">\n<li><a href=\"\/\" class=\"jcepopup noicon\">Simplificado<\/a><\/li>\n<li><a href=\"\/\" class=\"jcepopup noicon\">Integral<\/a><\/li>\n<\/ul>\n<p style=\"text-align: justify;\">Avisos de Privacidad\u00a0de la Direcci\u00f3n de Control Notarial de la Secretar\u00eda General de Gobierno.<\/p>\n<ul style=\"text-align: justify;\">\n<li><a href=\"\/\" class=\"jcepopup noicon\">Simplificado<\/a><\/li>\n<li><a href=\"\/\" class=\"jcepopup noicon\">Integral<\/a><\/li>\n<\/ul>\n<p style=\"text-align: justify;\">Aviso de Privacidad\u00a0del Centro de Supervisores de Libertad de la Secretar\u00eda General de Gobierno.<\/p>\n<ul>\n<li style=\"text-align: justify;\"><a href=\"\/\">Simplificado<\/a><\/li>\n<li>\n<p style=\"text-align: justify;\"><a href=\"\/\">Integral<\/a><\/p>\n<\/li>\n<\/ul>\n<p>[\/et_pb_text][et_pb_text _builder_version=&#8221;4.23.1&#8243; _module_preset=&#8221;default&#8221; text_text_color=&#8221;#53565A&#8221; text_font_size=&#8221;18px&#8221; global_colors_info=&#8221;{}&#8221;]ORGANISMOS\u00a0DESCONCENTRADOS\u00a0DE LA SECRETAR\u00cdA GENERAL DE GOBIERNO.<\/p>\n<p>Avisos de Privacidad\u00a0del Archivo General del Estado de Campeche (AGEC).<\/p>\n<ul>\n<li><a href=\"\/\" rel=\"noopener\"><span>Simplificado<\/span><\/a><\/li>\n<li><a href=\"\/\" rel=\"noopener\"><span>Integral<\/span><\/a><\/li>\n<\/ul>\n<p>Aviso de Privacidad\u00a0del Consejo Estatal de Poblaci\u00f3n (COESPO).<\/p>\n<ul>\n<li><a href=\"\/\" class=\"jcepopup noicon\"><span>Simplificado<\/span><\/a><\/li>\n<li><a href=\"\/\" class=\"jcepopup noicon\"><span>Integral<\/span><\/a><\/li>\n<\/ul>\n<p>Avisos de Privacidad\u00a0del Consejo Estatal de Seguridad P\u00fablica (CESP).<\/p>\n<ul>\n<li><span>Simplificado<\/span><\/li>\n<li><span>Integral<\/span><\/li>\n<\/ul>\n<p>Aviso de Privacidad\u00a0del Instituto Estatal de Transporte (IET).<\/p>\n<ul>\n<li><a href=\"\/\" class=\"jcepopup noicon\"><span>Simplificado<\/span><\/a><\/li>\n<li><a href=\"\/\" class=\"jcepopup noicon\"><span>Integral<\/span><\/a><\/li>\n<\/ul>\n<p>Aviso de Privacidad\u00a0de la Secretar\u00eda Ejecutiva del Sistema Estatal de Protecci\u00f3n Integral de los Derechos de Ni\u00f1as Ni\u00f1os y Adolescentes (SIPINNA).<\/p>\n<ul>\n<li><a href=\"\/\" class=\"jcepopup noicon\"><span>Simplificado<\/span><\/a><\/li>\n<li><a href=\"\/\" class=\"jcepopup noicon\"><span>Integral<\/span><\/a><\/li>\n<\/ul>\n<p><span>Comisi\u00f3n Local de B\u00fasqueda de Personas (CLBP).<\/span><\/p>\n<ul>\n<li><span>Simplificado<\/span><\/li>\n<li><span>Integral<\/span><\/li>\n<\/ul>\n<p>[\/et_pb_text][\/et_pb_column][\/et_pb_row][\/et_pb_section]<\/p>\n","protected":false},"excerpt":{"rendered":"<p>Avisos de PrivacidadCon fundamento en lo que establece el Art\u00edculo 45 de la Ley de Protecci\u00f3n de Datos Personales en Posesi\u00f3n de Sujetos Obligados del Estado de Campeche, la Secretar\u00eda General de Gobierno y sus Organismos Desconcentrados: Archivo General del Estado de Campeche (AGEC), Consejo Estatal de Poblaci\u00f3n (COESPO), Consejo Estatal de Seguridad P\u00fablica (CESP), [&hellip;]<\/p>\n","protected":false},"author":1,"featured_media":0,"parent":0,"menu_order":0,"comment_status":"closed","ping_status":"closed","template":"","meta":{"_acf_changed":false,"_et_pb_use_builder":"on","_et_pb_old_content":"","_et_gb_content_width":"","inline_featured_image":false,"footnotes":""},"class_list":["post-1463","page","type-page","status-publish","hentry"],"acf":[],"_links":{"self":[{"href":"https:\/\/artec.campeche.gob.mx\/index.php?rest_route=\/wp\/v2\/pages\/1463","targetHints":{"allow":["GET"]}}],"collection":[{"href":"https:\/\/artec.campeche.gob.mx\/index.php?rest_route=\/wp\/v2\/pages"}],"about":[{"href":"https:\/\/artec.campeche.gob.mx\/index.php?rest_route=\/wp\/v2\/types\/page"}],"author":[{"embeddable":true,"href":"https:\/\/artec.campeche.gob.mx\/index.php?rest_route=\/wp\/v2\/users\/1"}],"replies":[{"embeddable":true,"href":"https:\/\/artec.campeche.gob.mx\/index.php?rest_route=%2Fwp%2Fv2%2Fcomments&post=1463"}],"version-history":[{"count":5,"href":"https:\/\/artec.campeche.gob.mx\/index.php?rest_route=\/wp\/v2\/pages\/1463\/revisions"}],"predecessor-version":[{"id":1570,"href":"https:\/\/artec.campeche.gob.mx\/index.php?rest_route=\/wp\/v2\/pages\/1463\/revisions\/1570"}],"wp:attachment":[{"href":"https:\/\/artec.campeche.gob.mx\/index.php?rest_route=%2Fwp%2Fv2%2Fmedia&parent=1463"}],"curies":[{"name":"wp","href":"https:\/\/api.w.org\/{rel}","templated":true}]}}