{"id":1454,"date":"2024-05-24T12:03:15","date_gmt":"2024-05-24T18:03:15","guid":{"rendered":"https:\/\/artec.campeche.gob.mx\/?page_id=1454"},"modified":"2024-06-17T11:04:57","modified_gmt":"2024-06-17T17:04:57","slug":"transparencia-normas","status":"publish","type":"page","link":"https:\/\/artec.campeche.gob.mx\/?page_id=1454","title":{"rendered":"Transparencia &#8211; Normas"},"content":{"rendered":"<p>[et_pb_section fb_built=&#8221;1&#8243; _builder_version=&#8221;4.23.1&#8243; _module_preset=&#8221;default&#8221; global_colors_info=&#8221;{}&#8221;][et_pb_row _builder_version=&#8221;4.23.1&#8243; _module_preset=&#8221;default&#8221; global_colors_info=&#8221;{}&#8221;][et_pb_column type=&#8221;4_4&#8243; _builder_version=&#8221;4.23.1&#8243; _module_preset=&#8221;default&#8221; global_colors_info=&#8221;{}&#8221;][et_pb_text _builder_version=&#8221;4.23.1&#8243; _module_preset=&#8221;default&#8221; hover_enabled=&#8221;0&#8243; global_colors_info=&#8221;{}&#8221; sticky_enabled=&#8221;0&#8243;]<\/p>\n<table class=\"table table-hover\" style=\"width: 100%; border: 1px solid #070808;\" align=\"center\">\n<thead>\n<tr style=\"border-width: 1px; border-color: #691c32; background-color: #691c32;\">\n<td style=\"text-align: center; vertical-align: middle;\"><span style=\"color: #ffffff;\"><strong>Transparencia CONAC<\/strong><\/span><\/td>\n<td style=\"text-align: center; vertical-align: middle;\"><span style=\"color: #ffffff;\"><strong>Aplicabilidad<\/strong><\/span><\/td>\n<td style=\"text-align: center;\">\u00a0<strong><span style=\"color: #ffffff;\">Hiperv\u00ednculo al documento de la Norma<\/span><\/strong><\/td>\n<\/tr>\n<\/thead>\n<tbody>\n<tr style=\"border-color: #cecaca; border-width: 1px; text-align: center;\">\n<td style=\"border-style: solid; border-color: #cecaca; vertical-align: middle; text-align: justify;\"><span style=\"font-size: 10pt; font-family: arial, helvetica, sans-serif;\">Norma para Armonizar la presentaci\u00f3n de la Informaci\u00f3n adicional a la Iniciativa de la Ley de Ingresos<\/span><\/td>\n<td style=\"border-style: solid; border-color: #cecaca; vertical-align: middle;\"><img decoding=\"async\" src=\"https:\/\/artec.campeche.gob.mx\/wp-content\/uploads\/2024\/05\/1485223305_check.png\" alt=\"1485223305 check\" style=\"text-align: -webkit-center; display: block; margin-right: auto; margin-left: auto;\" \/><\/td>\n<td style=\"border-style: solid; border-color: #cecaca; vertical-align: middle; text-align: center;\"><span style=\"font-family: arial, helvetica, sans-serif;\"><a href=\"https:\/\/gobcampeche-my.sharepoint.com\/personal\/candelario_cruz_campeche_gob_mx\/_layouts\/15\/guestaccess.aspx?docid=0b1293edcd2e94be0a4a279705d9152a7&amp;authkey=AS6WJ5lKacUAZl67UbltnqE\" target=\"_blank\" rel=\"noopener noreferrer\"><img decoding=\"async\" src=\"https:\/\/artec.campeche.gob.mx\/wp-content\/uploads\/2024\/05\/1485982193_Adobe_Acrobat_Reader.png\" alt=\"1485982193 Adobe Acrobat Reader\" \/><\/a><\/span><\/td>\n<\/tr>\n<tr style=\"border-color: #cecaca; border-width: 1px; text-align: center;\">\n<td style=\"border-style: solid; border-color: #cecaca; vertical-align: middle; text-align: justify;\"><span style=\"font-size: 10pt; font-family: arial, helvetica, sans-serif;\">Norma para Armonizar la presentaci\u00f3n de la Informaci\u00f3n adicional del Proyecto del Presupuesto de Egresos<\/span><\/td>\n<td style=\"border-style: solid; border-color: #cecaca; vertical-align: middle;\"><img decoding=\"async\" src=\"https:\/\/artec.campeche.gob.mx\/wp-content\/uploads\/2024\/05\/1485223305_check.png\" alt=\"1485223305 check\" style=\"text-align: -webkit-center; display: block; margin-right: auto; margin-left: auto;\" \/><\/td>\n<td style=\"border-style: solid; border-color: #cecaca; vertical-align: middle; text-align: center;\"><span style=\"font-family: arial, helvetica, sans-serif;\"><a href=\"https:\/\/gobcampeche-my.sharepoint.com\/personal\/candelario_cruz_campeche_gob_mx\/_layouts\/15\/guestaccess.aspx?docid=057a11a790405459e8af014a13bc01d36&amp;authkey=ARCAWrD-iudSibK-PbsDMhc\" target=\"_blank\" rel=\"noopener noreferrer\"><img decoding=\"async\" src=\"https:\/\/artec.campeche.gob.mx\/wp-content\/uploads\/2024\/05\/1485982193_Adobe_Acrobat_Reader.png\" alt=\"1485982193 Adobe Acrobat Reader\" \/><\/a><\/span><\/td>\n<\/tr>\n<tr style=\"border-color: #cecaca; border-width: 1px; text-align: center;\">\n<td style=\"border-style: solid; border-color: #cecaca; vertical-align: middle; text-align: justify;\"><span style=\"font-size: 10pt; font-family: arial, helvetica, sans-serif;\">Norma para la Difusi\u00f3n a la Ciudadan\u00eda de la Ley de Ingresos y del Presupuesto de Egresos<\/span><\/td>\n<td style=\"border-style: solid; border-color: #cecaca; vertical-align: middle;\"><img decoding=\"async\" src=\"https:\/\/artec.campeche.gob.mx\/wp-content\/uploads\/2024\/05\/1485223305_check.png\" alt=\"1485223305 check\" style=\"text-align: -webkit-center; display: block; margin-right: auto; margin-left: auto;\" \/><\/td>\n<td style=\"border-style: solid; border-color: #cecaca; vertical-align: middle; text-align: center;\"><span style=\"font-family: arial, helvetica, sans-serif;\"><a href=\"https:\/\/gobcampeche-my.sharepoint.com\/personal\/candelario_cruz_campeche_gob_mx\/_layouts\/15\/guestaccess.aspx?docid=0d17a57ebebf84a43b2b4b2a2515ab8df&amp;authkey=AU72gihzIhzzO6z8pyyfA60\" target=\"_blank\" rel=\"noopener noreferrer\"><img decoding=\"async\" src=\"https:\/\/artec.campeche.gob.mx\/wp-content\/uploads\/2024\/05\/1485982193_Adobe_Acrobat_Reader.png\" alt=\"1485982193 Adobe Acrobat Reader\" \/><\/a><\/span><\/td>\n<\/tr>\n<tr style=\"border-color: #cecaca; border-width: 1px; text-align: center;\">\n<td style=\"border-style: solid; border-color: #cecaca; vertical-align: middle; text-align: justify;\"><span style=\"font-size: 10pt; font-family: arial, helvetica, sans-serif;\">Norma para establecer la Estructura del Calendario de Ingresos Base Mensual<\/span><\/td>\n<td style=\"border-style: solid; border-color: #cecaca; vertical-align: middle;\"><img decoding=\"async\" src=\"https:\/\/artec.campeche.gob.mx\/wp-content\/uploads\/2024\/05\/1485223305_check.png\" alt=\"1485223305 check\" style=\"text-align: -webkit-center; display: block; margin-right: auto; margin-left: auto;\" \/><\/td>\n<td style=\"border-style: solid; border-color: #cecaca; vertical-align: middle; text-align: center;\"><span style=\"font-family: arial, helvetica, sans-serif;\"><a href=\"https:\/\/gobcampeche-my.sharepoint.com\/personal\/candelario_cruz_campeche_gob_mx\/_layouts\/15\/guestaccess.aspx?docid=0ccc6c6136a9747deb14a22c6ee2b8e21&amp;authkey=Ac2L8oBhREo38Zpubm1XTeM\" target=\"_blank\" rel=\"noopener noreferrer\"><img decoding=\"async\" src=\"https:\/\/artec.campeche.gob.mx\/wp-content\/uploads\/2024\/05\/1485982193_Adobe_Acrobat_Reader.png\" alt=\"1485982193 Adobe Acrobat Reader\" \/><\/a><\/span><\/td>\n<\/tr>\n<tr style=\"border-color: #cecaca; border-width: 1px; text-align: center;\">\n<td style=\"border-style: solid; border-color: #cecaca; vertical-align: middle; text-align: justify;\"><span style=\"font-size: 10pt; font-family: arial, helvetica, sans-serif;\">Norma para establecer la Estructura del Calendario del Presupuesto de Egresos Base Mensual<\/span><\/td>\n<td style=\"border-style: solid; border-color: #cecaca; vertical-align: middle;\"><img decoding=\"async\" src=\"https:\/\/artec.campeche.gob.mx\/wp-content\/uploads\/2024\/05\/1485223305_check.png\" alt=\"1485223305 check\" style=\"text-align: -webkit-center; display: block; margin-right: auto; margin-left: auto;\" \/><\/td>\n<td style=\"border-style: solid; border-color: #cecaca; vertical-align: middle; text-align: center;\"><a href=\"https:\/\/gobcampeche-my.sharepoint.com\/personal\/candelario_cruz_campeche_gob_mx\/_layouts\/15\/guestaccess.aspx?docid=0bba734e6fc904e42bf2637123e2b5e42&amp;authkey=AeYf_60N_s9Cwqrkg1Njn78\" target=\"_blank\" rel=\"noopener noreferrer\" style=\"text-align: center;\"><img decoding=\"async\" src=\"https:\/\/artec.campeche.gob.mx\/wp-content\/uploads\/2024\/05\/1485982193_Adobe_Acrobat_Reader.png\" alt=\"1485982193 Adobe Acrobat Reader\" \/><\/a><\/td>\n<\/tr>\n<tr style=\"border-color: #cecaca; border-width: 1px; text-align: center;\">\n<td style=\"border-style: solid; border-color: #cecaca; vertical-align: middle; text-align: justify;\"><span style=\"font-size: 10pt; font-family: arial, helvetica, sans-serif;\">Norma para establecer la Estructura de Informaci\u00f3n de Montos Pagados por Ayudas y Subsidios<\/span><\/td>\n<td style=\"border-style: solid; border-color: #cecaca; vertical-align: middle;\"><img decoding=\"async\" src=\"https:\/\/artec.campeche.gob.mx\/wp-content\/uploads\/2024\/05\/1485224995_denied.png\" alt=\"1485224995 denied\" style=\"text-align: -webkit-center; display: block; margin-left: auto; margin-right: auto;\" \/><\/td>\n<td style=\"border-style: solid; border-color: #cecaca; vertical-align: middle; text-align: center;\"><a href=\"https:\/\/gobcampeche-my.sharepoint.com\/personal\/candelario_cruz_campeche_gob_mx\/_layouts\/15\/guestaccess.aspx?docid=070945f2d055b485fba7a2d756e6ff232&amp;authkey=AZj5lX5S0_NwKAnX0y79m3I\" target=\"_blank\" rel=\"noopener noreferrer\" style=\"text-align: center;\"><img decoding=\"async\" src=\"https:\/\/artec.campeche.gob.mx\/wp-content\/uploads\/2024\/05\/1485982193_Adobe_Acrobat_Reader.png\" alt=\"1485982193 Adobe Acrobat Reader\" \/><\/a><\/td>\n<\/tr>\n<tr style=\"border-color: #cecaca; border-width: 1px; text-align: center;\">\n<td style=\"border-style: solid; border-color: #cecaca; vertical-align: middle; text-align: justify;\"><span style=\"font-size: 10pt; font-family: arial, helvetica, sans-serif;\">Norma para establecer la Estructura de Informaci\u00f3n del Formato del Ejercicio y destino de Gasto Federalizado y Reintegros<\/span><\/td>\n<td style=\"border-style: solid; border-color: #cecaca; vertical-align: middle;\"><img decoding=\"async\" src=\"https:\/\/artec.campeche.gob.mx\/wp-content\/uploads\/2024\/05\/1485224995_denied.png\" alt=\"1485224995 denied\" style=\"text-align: -webkit-center; display: block; margin-left: auto; margin-right: auto;\" \/><\/td>\n<td style=\"border-style: solid; border-color: #cecaca; vertical-align: middle; text-align: center;\"><a href=\"https:\/\/gobcampeche-my.sharepoint.com\/personal\/candelario_cruz_campeche_gob_mx\/_layouts\/15\/guestaccess.aspx?docid=0aee01bf43bfa4347b7be39be373afc94&amp;authkey=ARfv2x3a4Iadegu9zXqBX-w\" target=\"_blank\" rel=\"noopener noreferrer\" style=\"text-align: center;\"><img decoding=\"async\" src=\"https:\/\/artec.campeche.gob.mx\/wp-content\/uploads\/2024\/05\/1485982193_Adobe_Acrobat_Reader.png\" alt=\"1485982193 Adobe Acrobat Reader\" \/><\/a><\/td>\n<\/tr>\n<tr style=\"border-color: #cecaca; border-width: 1px; text-align: center;\">\n<td style=\"border-style: solid; border-color: #cecaca; vertical-align: middle; text-align: justify;\"><span style=\"font-size: 10pt; font-family: arial, helvetica, sans-serif;\">Norma para establecer la Estructura de los Formatos de Informaci\u00f3n de Obligaciones Pagadas o Garantizadas con Fondos Federales<\/span><\/td>\n<td style=\"border-style: solid; border-color: #cecaca; vertical-align: middle;\"><img decoding=\"async\" src=\"https:\/\/artec.campeche.gob.mx\/wp-content\/uploads\/2024\/05\/1485224995_denied.png\" alt=\"1485224995 denied\" style=\"text-align: -webkit-center; display: block; margin-left: auto; margin-right: auto;\" \/><\/td>\n<td style=\"border-style: solid; border-color: #cecaca; vertical-align: middle; text-align: center;\"><a href=\"https:\/\/gobcampeche-my.sharepoint.com\/personal\/candelario_cruz_campeche_gob_mx\/_layouts\/15\/guestaccess.aspx?docid=02d8e17a745e444cd97c1db4aa9a8e8ee&amp;authkey=AR3EKRxtzlhJJ-f_t96vw0g\" target=\"_blank\" rel=\"noopener noreferrer\" style=\"text-align: center;\"><img decoding=\"async\" src=\"https:\/\/artec.campeche.gob.mx\/wp-content\/uploads\/2024\/05\/1485982193_Adobe_Acrobat_Reader.png\" alt=\"1485982193 Adobe Acrobat Reader\" \/><\/a><\/td>\n<\/tr>\n<tr style=\"border-color: #cecaca; border-width: 1px; text-align: center;\">\n<td style=\"border-style: solid; border-color: #cecaca; vertical-align: middle; text-align: justify;\"><span style=\"font-size: 10pt; font-family: arial, helvetica, sans-serif;\">Norma para establecer la Estructura de Informaci\u00f3n del Formato de Programas con Recursos Federales por Orden de Gobierno<\/span><\/td>\n<td style=\"border-style: solid; border-color: #cecaca; vertical-align: middle;\"><img decoding=\"async\" src=\"https:\/\/artec.campeche.gob.mx\/wp-content\/uploads\/2024\/05\/1485224995_denied.png\" alt=\"1485224995 denied\" style=\"text-align: -webkit-center; display: block; margin-left: auto; margin-right: auto;\" \/><\/td>\n<td style=\"border-style: solid; border-color: #cecaca; vertical-align: middle; text-align: center;\"><a href=\"https:\/\/gobcampeche-my.sharepoint.com\/personal\/candelario_cruz_campeche_gob_mx\/_layouts\/15\/guestaccess.aspx?docid=068d4589487994f0aa3db5ef36b731bbe&amp;authkey=AfFQCDkpz3VoRFNvE9so4jc\" target=\"_blank\" rel=\"noopener noreferrer\" style=\"text-align: center;\"><img decoding=\"async\" src=\"https:\/\/artec.campeche.gob.mx\/wp-content\/uploads\/2024\/05\/1485982193_Adobe_Acrobat_Reader.png\" alt=\"1485982193 Adobe Acrobat Reader\" \/><\/a><\/td>\n<\/tr>\n<tr style=\"border-color: #cecaca; border-width: 1px; text-align: center;\">\n<td style=\"border-style: solid; border-color: #cecaca; vertical-align: middle; text-align: justify;\"><span style=\"font-size: 10pt; font-family: arial, helvetica, sans-serif;\">Norma para establecer la Estructura de Informaci\u00f3n de la Relaci\u00f3n de las Cuentas Bancarias Productivas Especif\u00edcas que se presentan en la Cuenta P\u00fablica, en las cuales se depositen los Recursos Federales Transferidos<\/span><\/td>\n<td style=\"border-style: solid; border-color: #cecaca; vertical-align: middle;\"><img decoding=\"async\" src=\"https:\/\/artec.campeche.gob.mx\/wp-content\/uploads\/2024\/05\/1485224995_denied.png\" alt=\"1485224995 denied\" style=\"text-align: -webkit-center; display: block; margin-left: auto; margin-right: auto;\" \/><\/td>\n<td style=\"border-style: solid; border-color: #cecaca; vertical-align: middle; text-align: center;\"><span style=\"font-family: arial, helvetica, sans-serif;\"><a href=\"https:\/\/gobcampeche-my.sharepoint.com\/personal\/candelario_cruz_campeche_gob_mx\/_layouts\/15\/guestaccess.aspx?docid=0de40ebc51c2541bb99120c1e129aec21&amp;authkey=AWKUx2oUMvJP2olVOdcMTDg\" target=\"_blank\" rel=\"noopener noreferrer\"><img decoding=\"async\" src=\"https:\/\/artec.campeche.gob.mx\/wp-content\/uploads\/2024\/05\/1485982193_Adobe_Acrobat_Reader.png\" alt=\"1485982193 Adobe Acrobat Reader\" \/><\/a><\/span><\/td>\n<\/tr>\n<tr style=\"border-color: #cecaca; border-width: 1px; text-align: center;\">\n<td style=\"border-style: solid; border-color: #cecaca; vertical-align: middle; text-align: justify;\"><span style=\"font-size: 10pt; font-family: arial, helvetica, sans-serif;\">Norma para establecer el Formato para la Difusi\u00f3n de los Resultados de las Evaluaciones de los Recursos Federales Ministrados a las Entidades Federativas<\/span><\/td>\n<td style=\"border-style: solid; border-color: #cecaca; vertical-align: middle;\"><img decoding=\"async\" src=\"https:\/\/artec.campeche.gob.mx\/wp-content\/uploads\/2024\/05\/1485224995_denied.png\" alt=\"1485224995 denied\" style=\"text-align: -webkit-center; display: block; margin-left: auto; margin-right: auto;\" \/><\/td>\n<td style=\"border-style: solid; border-color: #cecaca; vertical-align: middle; text-align: center;\"><span style=\"font-family: arial, helvetica, sans-serif;\"><a href=\"https:\/\/gobcampeche-my.sharepoint.com\/personal\/candelario_cruz_campeche_gob_mx\/_layouts\/15\/guestaccess.aspx?docid=07f5d0419577d4c1fa059b6b18984db13&amp;authkey=ARSY6dP9jhd5UbN3cJnfvZo\" target=\"_blank\" rel=\"noopener noreferrer\"><img decoding=\"async\" src=\"https:\/\/artec.campeche.gob.mx\/wp-content\/uploads\/2024\/05\/1485982193_Adobe_Acrobat_Reader.png\" alt=\"1485982193 Adobe Acrobat Reader\" \/><\/a><\/span><\/td>\n<\/tr>\n<tr style=\"border-color: #cecaca; border-width: 1px; text-align: center;\">\n<td style=\"border-style: solid; border-color: #cecaca; vertical-align: middle; text-align: justify;\"><span style=\"font-size: 10pt; font-family: arial, helvetica, sans-serif;\">Norma para establecer la Estructura de la Informaci\u00f3n que las Entidades Federativas deber\u00e1n presentar respecto al Fondo de Aportaciones para la Educaci\u00f3n Tecnol\u00f3gica y de Adultos, y los formatos de presentaci\u00f3n<\/span><\/td>\n<td style=\"border-style: solid; border-color: #cecaca; vertical-align: middle;\"><img decoding=\"async\" src=\"https:\/\/artec.campeche.gob.mx\/wp-content\/uploads\/2024\/05\/1485224995_denied.png\" alt=\"1485224995 denied\" style=\"text-align: -webkit-center; display: block; margin-left: auto; margin-right: auto;\" \/><\/td>\n<td style=\"border-style: solid; border-color: #cecaca; vertical-align: middle; text-align: center;\"><a href=\"https:\/\/gobcampeche-my.sharepoint.com\/personal\/candelario_cruz_campeche_gob_mx\/_layouts\/15\/guestaccess.aspx?docid=087cfd2ee1d554565a36d5068ee2c764f&amp;authkey=AV7zNhVMDA5SFy6Cc9pm3Pw\" target=\"_blank\" rel=\"noopener noreferrer\" style=\"text-align: center;\"><img decoding=\"async\" src=\"https:\/\/artec.campeche.gob.mx\/wp-content\/uploads\/2024\/05\/1485982193_Adobe_Acrobat_Reader.png\" alt=\"1485982193 Adobe Acrobat Reader\" \/><\/a><\/td>\n<\/tr>\n<tr style=\"border-color: #cecaca; border-width: 1px; text-align: center;\">\n<td style=\"border-style: solid; border-color: #cecaca; vertical-align: middle; text-align: justify;\"><span style=\"font-size: 10pt; font-family: arial, helvetica, sans-serif;\">Norma para establecer la Estructura de la Informaci\u00f3n que las Entidades Federativas deber\u00e1n presentar relativa a las Aportaciones Federales en Materia de Salud y los formatos de presentaci\u00f3n<\/span><\/td>\n<td style=\"border-style: solid; border-color: #cecaca; vertical-align: middle;\"><img decoding=\"async\" src=\"https:\/\/artec.campeche.gob.mx\/wp-content\/uploads\/2024\/05\/1485224995_denied.png\" alt=\"1485224995 denied\" style=\"text-align: -webkit-center; display: block; margin-left: auto; margin-right: auto;\" \/><\/td>\n<td style=\"border-style: solid; border-color: #cecaca; vertical-align: middle; text-align: center;\"><a href=\"https:\/\/gobcampeche-my.sharepoint.com\/personal\/candelario_cruz_campeche_gob_mx\/_layouts\/15\/guestaccess.aspx?docid=09795437ef1744e948090d48bd3a11271&amp;authkey=AX-Ic9kATZkJ6GzRD-r47cw\" target=\"_blank\" rel=\"noopener noreferrer\" style=\"text-align: center;\"><img decoding=\"async\" src=\"https:\/\/artec.campeche.gob.mx\/wp-content\/uploads\/2024\/05\/1485982193_Adobe_Acrobat_Reader.png\" alt=\"1485982193 Adobe Acrobat Reader\" \/><\/a><\/td>\n<\/tr>\n<tr style=\"border-color: #cecaca; border-width: 1px; text-align: center;\">\n<td style=\"border-style: solid; border-color: #cecaca; vertical-align: middle; text-align: justify;\"><span style=\"font-size: 10pt; font-family: arial, helvetica, sans-serif;\">Normas y Modelo de estructura de Informaci\u00f3n realtiva a los Fondos de Ayuda Federal para la Seguridad P\u00fablica<\/span><\/td>\n<td style=\"border-style: solid; border-color: #cecaca; vertical-align: middle;\"><img decoding=\"async\" src=\"https:\/\/artec.campeche.gob.mx\/wp-content\/uploads\/2024\/05\/1485224995_denied.png\" alt=\"1485224995 denied\" style=\"text-align: -webkit-center; display: block; margin-left: auto; margin-right: auto;\" \/><\/td>\n<td style=\"border-style: solid; border-color: #cecaca; vertical-align: middle; text-align: center;\"><a href=\"https:\/\/gobcampeche-my.sharepoint.com\/personal\/candelario_cruz_campeche_gob_mx\/_layouts\/15\/guestaccess.aspx?docid=03ced0a4293ae46b398a754c270a7e47d&amp;authkey=ATUzyLSp2xB3sSTMNOKaCj4\" target=\"_blank\" rel=\"noopener noreferrer\" style=\"text-align: center;\"><img decoding=\"async\" src=\"https:\/\/artec.campeche.gob.mx\/wp-content\/uploads\/2024\/05\/1485982193_Adobe_Acrobat_Reader.png\" alt=\"1485982193 Adobe Acrobat Reader\" \/><\/a><\/td>\n<\/tr>\n<tr style=\"border-color: #cecaca; border-width: 1px; text-align: center;\">\n<td style=\"border-style: solid; border-color: #cecaca; vertical-align: middle; text-align: justify;\"><span style=\"font-size: 10pt; font-family: arial, helvetica, sans-serif;\">Norma para establecer la Estructura de Informaci\u00f3n del formato de aplicaci\u00f3n de Recursos del Fondo de Aportaciones para el Fortalecimiento de los Municipios y de las Demarcaciones Territoriales del Distrito Federal (FORTAMUN)<\/span><\/td>\n<td style=\"border-style: solid; border-color: #cecaca; vertical-align: middle;\"><img decoding=\"async\" src=\"https:\/\/artec.campeche.gob.mx\/wp-content\/uploads\/2024\/05\/1485224995_denied.png\" alt=\"1485224995 denied\" style=\"text-align: -webkit-center; display: block; margin-left: auto; margin-right: auto;\" \/><\/td>\n<td style=\"border-style: solid; border-color: #cecaca; vertical-align: middle; text-align: center;\"><a href=\"https:\/\/gobcampeche-my.sharepoint.com\/personal\/candelario_cruz_campeche_gob_mx\/_layouts\/15\/guestaccess.aspx?docid=06f25de4d89b04df89a46359c4d5abdfd&amp;authkey=Aasp5AdIXfyODOhxLPeny38\" target=\"_blank\" rel=\"noopener noreferrer\" style=\"text-align: center;\"><img decoding=\"async\" src=\"https:\/\/artec.campeche.gob.mx\/wp-content\/uploads\/2024\/05\/1485982193_Adobe_Acrobat_Reader.png\" alt=\"1485982193 Adobe Acrobat Reader\" \/><\/a><\/td>\n<\/tr>\n<tr style=\"border-color: #cecaca; border-width: 1px; text-align: center;\">\n<td style=\"border-style: solid; border-color: #cecaca; vertical-align: middle; text-align: justify;\"><span style=\"font-size: 10pt; font-family: arial, helvetica, sans-serif;\">Lineamientos de Informaci\u00f3n P\u00fablica Financiera para el Fondo de Aportaciones para la Infraestructura Social<\/span><\/td>\n<td style=\"border-style: solid; border-color: #cecaca; vertical-align: middle;\"><img decoding=\"async\" src=\"https:\/\/artec.campeche.gob.mx\/wp-content\/uploads\/2024\/05\/1485224995_denied.png\" alt=\"1485224995 denied\" style=\"text-align: -webkit-center; display: block; margin-left: auto; margin-right: auto;\" \/><\/td>\n<td style=\"border-style: solid; border-color: #cecaca; vertical-align: middle; text-align: center;\"><a href=\"https:\/\/gobcampeche-my.sharepoint.com\/personal\/candelario_cruz_campeche_gob_mx\/_layouts\/15\/guestaccess.aspx?docid=0c986e6d5b8d744929adc8da1bdb9d8d8&amp;authkey=AcK91b5UKhSJYqHsb-aBxdY\" target=\"_blank\" rel=\"noopener noreferrer\" style=\"text-align: center;\"><img decoding=\"async\" src=\"https:\/\/artec.campeche.gob.mx\/wp-content\/uploads\/2024\/05\/1485982193_Adobe_Acrobat_Reader.png\" alt=\"1485982193 Adobe Acrobat Reader\" \/><\/a><\/td>\n<\/tr>\n<\/tbody>\n<\/table>\n<p>[\/et_pb_text][\/et_pb_column][\/et_pb_row][\/et_pb_section]<\/p>\n","protected":false},"excerpt":{"rendered":"<p>Transparencia CONAC Aplicabilidad \u00a0Hiperv\u00ednculo al documento de la Norma Norma para Armonizar la presentaci\u00f3n de la Informaci\u00f3n adicional a la Iniciativa de la Ley de Ingresos Norma para Armonizar la presentaci\u00f3n de la Informaci\u00f3n adicional del Proyecto del Presupuesto de Egresos Norma para la Difusi\u00f3n a la Ciudadan\u00eda de la Ley de Ingresos y del [&hellip;]<\/p>\n","protected":false},"author":1,"featured_media":0,"parent":0,"menu_order":0,"comment_status":"closed","ping_status":"closed","template":"","meta":{"_acf_changed":false,"_et_pb_use_builder":"on","_et_pb_old_content":"","_et_gb_content_width":"","inline_featured_image":false,"footnotes":""},"class_list":["post-1454","page","type-page","status-publish","hentry"],"acf":[],"_links":{"self":[{"href":"https:\/\/artec.campeche.gob.mx\/index.php?rest_route=\/wp\/v2\/pages\/1454","targetHints":{"allow":["GET"]}}],"collection":[{"href":"https:\/\/artec.campeche.gob.mx\/index.php?rest_route=\/wp\/v2\/pages"}],"about":[{"href":"https:\/\/artec.campeche.gob.mx\/index.php?rest_route=\/wp\/v2\/types\/page"}],"author":[{"embeddable":true,"href":"https:\/\/artec.campeche.gob.mx\/index.php?rest_route=\/wp\/v2\/users\/1"}],"replies":[{"embeddable":true,"href":"https:\/\/artec.campeche.gob.mx\/index.php?rest_route=%2Fwp%2Fv2%2Fcomments&post=1454"}],"version-history":[{"count":4,"href":"https:\/\/artec.campeche.gob.mx\/index.php?rest_route=\/wp\/v2\/pages\/1454\/revisions"}],"predecessor-version":[{"id":1582,"href":"https:\/\/artec.campeche.gob.mx\/index.php?rest_route=\/wp\/v2\/pages\/1454\/revisions\/1582"}],"wp:attachment":[{"href":"https:\/\/artec.campeche.gob.mx\/index.php?rest_route=%2Fwp%2Fv2%2Fmedia&parent=1454"}],"curies":[{"name":"wp","href":"https:\/\/api.w.org\/{rel}","templated":true}]}}